prime factors of 8900219?
79, 113, 997
What are the prime factors of 588034?
2, 269, 1093
List the prime factors of 8480633.
7, 47, 149, 173
What are the prime factors of 1407416?
2, 23, 7649
List the prime factors of 465769.
29, 16061
List the prime factors of 5718110.
2, 5, 571811
List the prime factors of 853818.
2, 3, 7, 29, 701
List the prime factors of 3987251.
31, 128621
What are the prime factors of 4969392?
2, 3, 103529
List the prime factors of 148065.
3, 5, 9871
What are the prime factors of 8212312?
2, 43, 23873
List the prime factors of 1158859.
13, 97, 919
List the prime factors of 12577964.
2, 7, 23, 19531
List the prime factors of 5600474.
2, 11, 193, 1319
List the prime factors of 2121074.
2, 409, 2593
List the prime factors of 199970.
2, 5, 19997
What are the prime factors of 4514544?
2, 3, 107, 293
List the prime factors of 1699837.
1699837
What are the prime factors of 533834?
2, 7, 17, 2243
List the prime factors of 33255734.
2, 73, 379, 601
List the prime factors of 9036901.
9036901
List the prime factors of 5002485.
3, 5, 167, 1997
List the prime factors of 7373561.
13, 89, 6373
List the prime factors of 153723.
3, 51241
What are the prime factors of 242364?
2, 3, 19, 1063
What are the prime factors of 131733?
3, 7, 17, 41
What are the prime factors of 324288?
2, 3, 563
List the prime factors of 511063.
7, 73009
What are the prime factors of 21575468?
2, 263, 20509
What are the prime factors of 1688778?
2, 3, 7, 13, 1031
What are the prime factors of 1165057?
1165057
What are the prime factors of 23605?
5, 4721
What are the prime factors of 907346?
2, 11, 41243
What are the prime factors of 2414437?
47, 1093
What are the prime factors of 11909837?
23, 193, 2683
What are the prime factors of 2150605?
5, 430121
List the prime factors of 12659761.
97, 130513
What are the prime factors of 753642?
2, 3, 149, 281
List the prime factors of 582850.
2, 5, 11657
List the prime factors of 755624.
2, 29, 3257
What are the prime factors of 9213621?
3, 3071207
List the prime factors of 5594548.
2, 37, 103, 367
What are the prime factors of 526498?
2, 7, 37607
List the prime factors of 275656.
2, 34457
List the prime factors of 233893.
11, 1933
What are the prime factors of 363911?
363911
What are the prime factors of 12533959?
89, 140831
What are the prime factors of 10429571?
10429571
What are the prime factors of 21340501?
7, 13, 234511
List the prime factors of 372844.
2, 17, 5483
What are the prime factors of 214240?
2, 5, 13, 103
What are the prime factors of 32143576?
2, 83, 48409
List the prime factors of 233406.
2, 3, 12967
List the prime factors of 6701450.
2, 5, 7, 41, 467
List the prime factors of 1620213.
3, 7, 77153
List the prime factors of 214025.
5, 7, 1223
List the prime factors of 127877.
127877
What are the prime factors of 1723081?
337, 5113
What are the prime factors of 2587978?
2, 17, 103, 739
List the prime factors of 34553160.
2, 3, 5, 41, 2341
List the prime factors of 504832.
2, 17, 29
List the prime factors of 1752421.
11, 159311
What are the prime factors of 268290?
2, 3, 5, 11, 271
What are the prime factors of 44611425?
3, 5, 29, 43, 53
What are the prime factors of 407216?
2, 31, 821
List the prime factors of 18393429.
3, 347, 17669
What are the prime factors of 3667223?
7, 17, 30817
List the prime factors of 5966928.
2, 3, 11, 3767
What are the prime factors of 6325389?
3, 7, 100403
What are the prime factors of 692766?
2, 3, 12829
What are the prime factors of 10652255?
5, 19, 112129
What are the prime factors of 3332434?
2, 7, 238031
What are the prime factors of 12672048?
2, 3, 227, 1163
List the prime factors of 440490.
2, 3, 5, 14683
List the prime factors of 3203758.
2, 43, 37253
What are the prime factors of 7471800?
2, 3, 5, 7, 593
What are the prime factors of 701155?
5, 7, 13, 23, 67
List the prime factors of 11650605.
3, 5, 29, 26783
What are the prime factors of 1170569?
17, 37, 1861
What are the prime factors of 22751931?
3, 7583977
What are the prime factors of 825848?
2, 103231
List the prime factors of 3833993.
17, 225529
List the prime factors of 285201.
3, 7, 503
List the prime factors of 22769171.
17, 37, 53, 683
What are the prime factors of 2866687?
761, 3767
What are the prime factors of 426670?
2, 5, 42667
List the prime factors of 1713306.
2, 3, 7, 19, 113
List the prime factors of 12112975.
5, 7, 19, 3643
What are the prime factors of 8141918?
2, 19, 167, 1283
List the prime factors of 224883.
3, 8329
List the prime factors of 1091839.
7, 61, 2557
List the prime factors of 18873996.
2, 3, 37, 42509
What are the prime factors of 23708?
2, 5927
What are the prime factors of 322759?
23, 14033
What are the prime factors of 451159?
451159
What are the prime factors of 4805888?
2, 18773
List the prime factors of 21163104.
2, 3, 73483
List the prime factors of 443592.
2, 3, 61, 101
List the prime factors of 97292.
2, 13, 1871
List the prime factors of 1037333.
11, 8573
List the prime factors of 2017860.
2, 3, 5, 13, 199
What are the prime factors of 3927880?
2, 5, 11, 79, 113
What are the prime factors of 19192110?
2, 3, 5, 7, 59, 1549
What are the prime factors of 50203?
61, 823
List the prime factors of 315698.
2, 23, 6863
List the prime factors of 182115.
3, 5, 19, 71
List the prime factors of 1472300.
2, 5, 14723
List the prime factors of 9930969.
3, 421, 2621
List the prime factors of 2296495.
5, 71, 6469
List the prime factors of 21673891.
1327, 16333
What are the prime factors of 603893?
603893
What are the prime factors of 2328006?
2, 3, 103, 3767
What are the prime factors of 13872904?
2, 29, 59797
List the prime factors of 17436411.
3, 271, 2383
What are the prime factors of 9941035?
5, 13, 152939
What are the prime factors of 35830647?
3, 71, 18691
List the prime factors of 186874.
2, 223, 419
What are the prime factors of 1416794?
2, 113, 6269
List the prime factors of 8695551.
3, 17, 53, 3217
What are the prime factors of 22732113?
3, 19, 89, 4481
What are the prime factors of 27816794?
2, 17, 197, 4153
List the prime factors of 312035.
5, 17, 3671
List the prime factors of 206736.
2, 3, 59, 73
What are the prime factors of 643968?
2, 3, 13, 43
List the prime factors of 14410822.
2, 263, 27397
List the prime factors of 5922902.
2, 17, 29, 6007
What are the prime factors of 361967?
361967
List the prime factors of 221819.
13, 113, 151
What are the prime factors of 82009?
82009
What are the prime factors of 518299?
518299
List the prime factors of 6398945.
5, 7, 23, 7949
List the prime factors of 21572848.
2, 11, 1013
What are the prime factors of 11244151?
1109, 10139
What are the prime factors of 674701?
674701
What are the prime factors of 3702884?
2, 925721
What are the prime factors of 957063?
3, 31, 41, 251
What are the prime factors of 22533974?
2, 23, 489869
What are the prime factors of 3236480?
2, 5, 13, 389
List the prime factors of 22959560.
2, 5, 13, 67, 659
What are the prime factors of 11863224?
2, 3, 164767
List the prime factors of 1423145.
5, 379, 751
List the prime factors of 2277719.
571, 3989
List the prime factors of 903966.
2, 3, 7, 21523
List the prime factors of 3893075.
5, 155723
List the prime factors of 16308608.
2, 103, 1237
List the prime factors of 895815.
3, 5, 17, 1171
What are the prime factors of 670322?
2, 335161
What are the prime factors of 2362202?
2, 103, 11467
List the prime factors of 611024.
2, 38189
What are the prime factors of 307991?
47, 6553
What are the prime factors of 531905?
5, 11, 19, 509
What are the prime factors of 667819?
667819
List the prime factors of 16366481.
31, 47, 239
What are the prime factors of 282530?
2, 5, 19, 1487
List the prime factors of 3910705.
5, 782141
What are the prime factors of 235037?
11, 23, 929
List the prime factors of 1444371.
3, 17, 127, 223
List the prime factors of 2493600.
2, 3, 5, 1039
List the prime factors of 246143.
17, 14479
What are the prime factors of 30229369?
307, 98467
What are the prime factors of 54430?
2, 5, 5443
What are the prime factors of 4775217?
3, 1021, 1559
What are the prime factors of 672843?
3, 17, 79, 167
What are the prime factors of 252052?
2, 61, 1033
List the prime factors of 3243961.
7, 41, 89, 127
List the prime factors of 1400885.
5, 17, 16481
What 